{"id":335,"date":"2018-01-22T15:09:43","date_gmt":"2018-01-22T19:09:43","guid":{"rendered":"http:\/\/ayuntamiento.o\/transparencia\/?page_id=335"},"modified":"2019-09-05T10:29:38","modified_gmt":"2019-09-05T14:29:38","slug":"lista-de-proveedores","status":"publish","type":"page","link":"https:\/\/ayuntamientoelfactor.gob.do\/transparencia\/lista-de-proveedores\/","title":{"rendered":"Lista de proveedores"},"content":{"rendered":"<p>RELACI\u00d3N DE PROVEEDORES AYUNTAMIENTO MUNICIPAL<\/p>\n<table style=\"width: 688px\" width=\"614\">\n<tbody>\n<tr>\n<td style=\"width: 162px\"><strong>Nombre Comercial <\/strong><\/td>\n<td style=\"width: 125px\"><strong>RNC<\/strong><\/td>\n<td style=\"width: 233px\"><strong>Direcci\u00f3n <\/strong><\/td>\n<td style=\"width: 140px\"><strong>Tel\u00e9fono <\/strong><\/td>\n<\/tr>\n<tr>\n<td style=\"width: 162px\">Sindicato de camioneros de volteo de Nagua<\/td>\n<td style=\"width: 125px\">41000082<\/td>\n<td style=\"width: 233px\">Salida Nagua RD San Fco de Macor\u00eds<\/td>\n<td style=\"width: 140px\">809-584-5725<\/p>\n<p>809-884-7821<\/td>\n<\/tr>\n<tr>\n<td style=\"width: 162px\">Estaci\u00f3n de servicios Navarrey EIRL<\/td>\n<td style=\"width: 125px\">130667489<\/td>\n<td style=\"width: 233px\">Salida Nagua RD San Fco de Macor\u00eds<\/td>\n<td style=\"width: 140px\">809-584-3333<\/td>\n<\/tr>\n<tr>\n<td style=\"width: 162px\">Auto repuesto PEPE<\/td>\n<td style=\"width: 125px\">71002678<\/td>\n<td style=\"width: 233px\">Mar\u00eda Trinidad S\u00e1nchez #101<\/td>\n<td style=\"width: 140px\">809-584-1919<\/td>\n<\/tr>\n<tr>\n<td style=\"width: 162px\">Almac\u00e9n Veralma<\/td>\n<td style=\"width: 125px\">136-0002285-2<\/td>\n<td style=\"width: 233px\">Av. Independencia #51 Nagua<\/td>\n<td style=\"width: 140px\">809-584-2450<\/td>\n<\/tr>\n<tr>\n<td style=\"width: 162px\">Agua Boy<\/td>\n<td style=\"width: 125px\">110644523<\/td>\n<td style=\"width: 233px\">C\/ Campotel #51<\/td>\n<td style=\"width: 140px\">809-589-8851<\/td>\n<\/tr>\n<tr>\n<td style=\"width: 162px\">Ferreter\u00eda Jim\u00e9nez Paulino<\/td>\n<td style=\"width: 125px\">071-0009903-0<\/td>\n<td style=\"width: 233px\">C\/ Gast\u00f3n F. Deligne #51<\/td>\n<td style=\"width: 140px\">809-589-2256<\/p>\n<p>809-584-3256<\/td>\n<\/tr>\n<tr>\n<td style=\"width: 162px\">Colmado Luna<\/td>\n<td style=\"width: 125px\">136-009831-6<\/td>\n<td style=\"width: 233px\">C\/ 16 De agosto #13<\/td>\n<td style=\"width: 140px\">809-982-9594<\/td>\n<\/tr>\n<tr>\n<td style=\"width: 162px\">Mundo copia<\/td>\n<td style=\"width: 125px\">130-98696-7<\/td>\n<td style=\"width: 233px\">Salida Nagua RD San Fco de Macor\u00eds<\/td>\n<td style=\"width: 140px\">829-849-7949<\/td>\n<\/tr>\n<tr>\n<td style=\"width: 162px\">Lechonera Gregorio<\/td>\n<td style=\"width: 125px\">136-0013339-4<\/td>\n<td style=\"width: 233px\">Salida Nagua RD San Fco de Macor\u00eds<\/td>\n<td style=\"width: 140px\">829-292-9472<\/td>\n<\/tr>\n<tr>\n<td style=\"width: 162px\">Ferreter\u00eda Minaya<\/td>\n<td style=\"width: 125px\">136-0009059-4<\/td>\n<td style=\"width: 233px\">Av. Jos\u00e9 Fco. Pe\u00f1a G\u00f3mez<\/td>\n<td style=\"width: 140px\">809-589-8802<\/td>\n<\/tr>\n<tr>\n<td style=\"width: 162px\">Imprenta la innovaci\u00f3n<\/td>\n<td style=\"width: 125px\">136-0012407-1<\/td>\n<td style=\"width: 233px\">C\/ Altagracia #22 Nagua<\/td>\n<td style=\"width: 140px\">809-863-9579<\/td>\n<\/tr>\n<tr>\n<td style=\"width: 162px\">Fab. De Ata\u00fades Colas Diaz<\/td>\n<td style=\"width: 125px\">136-0009164-2<\/td>\n<td style=\"width: 233px\">Castillo<\/td>\n<td style=\"width: 140px\">809-509-6621<\/td>\n<\/tr>\n<tr>\n<td style=\"width: 162px\">Comedor Hern\u00e1ndez<\/td>\n<td style=\"width: 125px\">071-0020776-5<\/td>\n<td style=\"width: 233px\">Atu. Nagua-S\u00e1nchez<\/td>\n<td style=\"width: 140px\">809-584-3557<\/td>\n<\/tr>\n<tr>\n<td style=\"width: 162px\">Ferreter\u00eda Oscar<\/td>\n<td style=\"width: 125px\"><\/td>\n<td style=\"width: 233px\">Aut. Nagua-San Fco<\/td>\n<td style=\"width: 140px\">809-589-9457<\/td>\n<\/tr>\n<tr>\n<td style=\"width: 162px\">Mercado Municipal<\/td>\n<td style=\"width: 125px\"><\/td>\n<td style=\"width: 233px\">C\/ el mercado<\/td>\n<td style=\"width: 140px\">809-589-8858<\/td>\n<\/tr>\n<\/tbody>\n<\/table>\n","protected":false},"excerpt":{"rendered":"RELACI\u00d3N DE PROVEEDORES AYUNTAMIENTO MUNICIPAL Nombre Comercial RNC Direcci\u00f3n Tel\u00e9fono Sindicato de camioneros de volteo de Nagua 41000082 Salida Nagua RD San Fco de Macor\u00eds 809-584-5725 809-884-7821 Estaci\u00f3n de servicios Navarrey EIRL 130667489 Salida Nagua RD San Fco de Macor\u00eds 809-584-3333 Auto repuesto PEPE 71002678 Mar\u00eda Trinidad S\u00e1nchez #101 809-584-1919 Almac\u00e9n Veralma 136-0002285-2 Av. Independencia&#8230;","protected":false},"author":3,"featured_media":0,"parent":0,"menu_order":0,"comment_status":"closed","ping_status":"closed","template":"","meta":[],"acf":[],"_links":{"self":[{"href":"https:\/\/ayuntamientoelfactor.gob.do\/transparencia\/wp-json\/wp\/v2\/pages\/335"}],"collection":[{"href":"https:\/\/ayuntamientoelfactor.gob.do\/transparencia\/wp-json\/wp\/v2\/pages"}],"about":[{"href":"https:\/\/ayuntamientoelfactor.gob.do\/transparencia\/wp-json\/wp\/v2\/types\/page"}],"author":[{"embeddable":true,"href":"https:\/\/ayuntamientoelfactor.gob.do\/transparencia\/wp-json\/wp\/v2\/users\/3"}],"replies":[{"embeddable":true,"href":"https:\/\/ayuntamientoelfactor.gob.do\/transparencia\/wp-json\/wp\/v2\/comments?post=335"}],"version-history":[{"count":6,"href":"https:\/\/ayuntamientoelfactor.gob.do\/transparencia\/wp-json\/wp\/v2\/pages\/335\/revisions"}],"predecessor-version":[{"id":387,"href":"https:\/\/ayuntamientoelfactor.gob.do\/transparencia\/wp-json\/wp\/v2\/pages\/335\/revisions\/387"}],"wp:attachment":[{"href":"https:\/\/ayuntamientoelfactor.gob.do\/transparencia\/wp-json\/wp\/v2\/media?parent=335"}],"curies":[{"name":"wp","href":"https:\/\/api.w.org\/{rel}","templated":true}]}}