{"id":258,"date":"2021-03-23T00:00:40","date_gmt":"2021-03-23T04:00:40","guid":{"rendered":"http:\/\/ayuntamiento.o\/transparencia\/?page_id=258"},"modified":"2025-05-13T11:51:43","modified_gmt":"2025-05-13T15:51:43","slug":"responsable-de-acceso-a-la-informacion","status":"publish","type":"page","link":"https:\/\/ayuntamientoelfactor.gob.do\/transparencia\/responsable-de-acceso-a-la-informacion\/","title":{"rendered":"Responsable de Acceso a la Informaci\u00f3n"},"content":{"rendered":"<h3 class=\"paragraph ng-attr-widget\" style=\"text-align: center\"><strong>Contacto<\/strong><\/h3>\n<p class=\"paragraph ng-attr-widget\" style=\"text-align: left\"><b>Kenny Alfonsina Paulino Hernandez<\/b><br \/>\nResponsable de la Oficina de Acceso a la Informaci\u00f3n (RAI)<br \/>\n<strong>Direcci\u00f3n:<\/strong> calle 30 de mayo del municipio El Factor, prov. Maria Trinidad Sanchez, RD<br \/>\n<strong>Tel\u00e9fono:<\/strong>\u00a0809-589-9452 Ext. 109<br \/>\n<strong>Correo Electr\u00f3nico: <\/strong>ayuntamientoelfactor2024@gmail.com<\/p>\n","protected":false},"excerpt":{"rendered":"Contacto Kenny Alfonsina Paulino Hernandez Responsable de la Oficina de Acceso a la Informaci\u00f3n (RAI) Direcci\u00f3n: calle 30 de mayo del municipio El Factor, prov. Maria Trinidad Sanchez, RD Tel\u00e9fono:\u00a0809-589-9452 Ext. 109 Correo Electr\u00f3nico: ayuntamientoelfactor2024@gmail.com","protected":false},"author":3,"featured_media":0,"parent":0,"menu_order":0,"comment_status":"closed","ping_status":"closed","template":"","meta":[],"acf":[],"_links":{"self":[{"href":"https:\/\/ayuntamientoelfactor.gob.do\/transparencia\/wp-json\/wp\/v2\/pages\/258"}],"collection":[{"href":"https:\/\/ayuntamientoelfactor.gob.do\/transparencia\/wp-json\/wp\/v2\/pages"}],"about":[{"href":"https:\/\/ayuntamientoelfactor.gob.do\/transparencia\/wp-json\/wp\/v2\/types\/page"}],"author":[{"embeddable":true,"href":"https:\/\/ayuntamientoelfactor.gob.do\/transparencia\/wp-json\/wp\/v2\/users\/3"}],"replies":[{"embeddable":true,"href":"https:\/\/ayuntamientoelfactor.gob.do\/transparencia\/wp-json\/wp\/v2\/comments?post=258"}],"version-history":[{"count":9,"href":"https:\/\/ayuntamientoelfactor.gob.do\/transparencia\/wp-json\/wp\/v2\/pages\/258\/revisions"}],"predecessor-version":[{"id":1987,"href":"https:\/\/ayuntamientoelfactor.gob.do\/transparencia\/wp-json\/wp\/v2\/pages\/258\/revisions\/1987"}],"wp:attachment":[{"href":"https:\/\/ayuntamientoelfactor.gob.do\/transparencia\/wp-json\/wp\/v2\/media?parent=258"}],"curies":[{"name":"wp","href":"https:\/\/api.w.org\/{rel}","templated":true}]}}